 factors of 206879129.
3853, 53693
What are the prime factors of 26035207?
11, 103, 2089
What are the prime factors of 54574182?
2, 3, 13, 17, 269
What are the prime factors of 590319955?
5, 23, 757, 6781
What are the prime factors of 46135906?
2, 41, 562633
What are the prime factors of 176360613?
3, 11, 13, 227, 1811
List the prime factors of 161986181.
7, 23140883
What are the prime factors of 34616239?
7, 353, 14009
List the prime factors of 3512532802.
2, 337, 5211473
What are the prime factors of 287585963?
7, 41083709
List the prime factors of 59623634.
2, 7, 19, 224149
List the prime factors of 1340765985.
3, 5, 13, 6875723
List the prime factors of 58952135.
5, 11, 1071857
What are the prime factors of 297404600?
2, 5, 101, 14723
What are the prime factors of 465604798?
2, 232802399
What are the prime factors of 4890678942?
2, 3, 71, 11480467
List the prime factors of 32423412.
2, 3, 7, 89, 4337
What are the prime factors of 13821331?
967, 14293
List the prime factors of 21569306.
2, 11, 980423
List the prime factors of 333060734.
2, 2423, 68729
List the prime factors of 2421442457.
7, 31, 227729
What are the prime factors of 21280864?
2, 11, 60457
List the prime factors of 190548665.
5, 17, 653, 3433
What are the prime factors of 3997275378?
2, 3, 29, 22972847
List the prime factors of 2609920507.
2609920507
List the prime factors of 252827339.
23, 10992493
List the prime factors of 6147470517.
3, 2049156839
List the prime factors of 4029839511.
3, 17, 569, 138869
What are the prime factors of 294728717?
37, 7965641
List the prime factors of 1671131908.
2, 97, 4307041
What are the prime factors of 521467965?
3, 5, 149, 77773
What are the prime factors of 1876584348?
2, 3, 5791927
What are the prime factors of 31838139?
3, 3537571
What are the prime factors of 693264500?
2, 5, 79, 17551
What are the prime factors of 77818584?
2, 3, 73, 44417
List the prime factors of 1292201708.
2, 7, 937, 49253
List the prime factors of 1770549.
3, 11, 53653
List the prime factors of 1357247163.
3, 452415721
List the prime factors of 492598789.
107, 1559, 2953
What are the prime factors of 213232710?
2, 3, 5, 7107757
List the prime factors of 71963464.
2, 983, 9151
List the prime factors of 3516749272.
2, 439593659
What are the prime factors of 164893907?
47, 3508381
List the prime factors of 855398541.
3, 151, 571, 3307
List the prime factors of 38802085.
5, 7, 19, 37, 83
What are the prime factors of 98069065?
5, 83, 383, 617
What are the prime factors of 629383346?
2, 29, 43, 252359
List the prime factors of 44123964.
2, 3, 29, 103, 1231
What are the prime factors of 498441848?
2, 62305231
What are the prime factors of 2967422253?
3, 79, 151, 283, 293
List the prime factors of 151702362.
2, 3, 7, 401329
What are the prime factors of 198867031?
11, 179, 100999
What are the prime factors of 3874687266?
2, 3, 1151, 561061
What are the prime factors of 192325203?
3, 7, 3052781
What are the prime factors of 462025422?
2, 3, 17, 1509887
What are the prime factors of 1009594347?
3, 61, 5516909
List the prime factors of 122539661.
122539661
What are the prime factors of 179990436?
2, 3, 223, 67261
List the prime factors of 373990560.
2, 3, 5, 503, 1549
What are the prime factors of 1784297645?
5, 13, 17, 29, 55681
List the prime factors of 211663535.
5, 4673, 9059
What are the prime factors of 424690297?
29, 31, 433, 1091
List the prime factors of 767514851.
767514851
List the prime factors of 16766831.
16766831
What are the prime factors of 27708169?
23, 41, 29383
What are the prime factors of 1034914998?
2, 3, 13, 13268141
List the prime factors of 128097581.
128097581
List the prime factors of 79173173.
41, 1931053
List the prime factors of 3663058.
2, 7, 17, 15391
List the prime factors of 1024176036.
2, 3, 13, 6565231
What are the prime factors of 305734473?
3, 11, 1029409
What are the prime factors of 1780741332?
2, 3, 19, 607, 4289
List the prime factors of 39466086.
2, 3, 11, 54361
What are the prime factors of 1271934?
2, 3, 70663
List the prime factors of 252832073.
13, 593, 32797
What are the prime factors of 7596705?
3, 5, 17, 31
What are the prime factors of 277041091?
2089, 132619
List the prime factors of 106014793.
106014793
What are the prime factors of 75545251?
79, 956269
List the prime factors of 14867614.
2, 19, 23, 17011
List the prime factors of 890946190.
2, 5, 523, 170353
List the prime factors of 661269046.
2, 19, 17401817
List the prime factors of 3486531292.
2, 17, 51272519
What are the prime factors of 20580903?
3, 7, 326681
List the prime factors of 16485575.
5, 659423
List the prime factors of 919417.
919417
What are the prime factors of 21864798?
2, 3, 1214711
What are the prime factors of 75835973?
19, 1847, 2161
What are the prime factors of 268749297?
3, 29861033
What are the prime factors of 841132552?
2, 13, 8087813
List the prime factors of 89080963.
821, 108503
List the prime factors of 1112358160.
2, 5, 13904477
What are the prime factors of 21860223?
3, 7, 11, 1229
What are the prime factors of 25316263?
7, 709, 5101
List the prime factors of 37431572.
2, 9357893
What are the prime factors of 6162971?
1489, 4139
What are the prime factors of 62229921?
3, 13, 19, 137, 613
List the prime factors of 118051491.
3, 39350497
What are the prime factors of 78604286?
2, 39302143
List the prime factors of 402046254.
2, 3, 31, 223, 359
List the prime factors of 51321070.
2, 5, 373, 13759
List the prime factors of 21774382.
2, 7, 17, 191, 479
List the prime factors of 94533925.
5, 233, 16229
List the prime factors of 1041289536.
2, 3, 7, 277, 2797
What are the prime factors of 15558452?
2, 7, 13, 42743
List the prime factors of 1557641156.
2, 29, 2441, 5501
What are the prime factors of 16666425?
3, 5, 24691
List the prime factors of 3444066823.
83, 41494781
What are the prime factors of 1323287139?
3, 29, 2017, 7541
List the prime factors of 2975139136.
2, 347, 133967
List the prime factors of 874573769.
15187, 57587
What are the prime factors of 54252982?
2, 7, 67, 57839
List the prime factors of 1163128985.
5, 19, 89, 137567
List the prime factors of 7086681.
3, 7, 197, 571
List the prime factors of 533453364.
2, 3, 1646461
List the prime factors of 43359758.
2, 13, 17, 263, 373
List the prime factors of 1075245115.
5, 7, 157, 195677
List the prime factors of 393867798.
2, 3, 17, 3861449
List the prime factors of 716342565.
3, 5, 47756171
List the prime factors of 117234211.
29, 41, 43, 2293
List the prime factors of 109368478.
2, 54684239
List the prime factors of 3987363.
3, 199, 6679
What are the prime factors of 1853499452?
2, 7, 821, 80629
What are the prime factors of 55599078?
2, 3, 17, 545089
What are the prime factors of 456966849?
3, 152322283
List the prime factors of 1033190499.
3, 11, 4337, 7219
What are the prime factors of 210897009?
3, 677, 34613
What are the prime factors of 73237809?
3, 24412603
What are the prime factors of 40380221?
7, 1801, 3203
List the prime factors of 5140243054.
2, 53, 48492859
What are the prime factors of 420819951?
3, 140273317
What are the prime factors of 69774165?
3, 5, 43, 107, 337
List the prime factors of 2292270328.
2, 331, 865661
What are the prime factors of 402730457?
163, 2470739
What are the prime factors of 23574101?
503, 46867
What are the prime factors of 108121366?
2, 31, 103, 16931
List the prime factors of 86774447.
67, 239, 5419
What are the prime factors of 17513099?
37, 473327
What are the prime factors of 128786485?
5, 3727, 6911
What are the prime factors of 411342999?
3, 17, 31, 260179
What are the prime factors of 5228206764?
2, 3, 11, 149, 241, 1103
List the prime factors of 1425085219.
181, 7873399
List the prime factors of 335439152.
2, 20964947
List the prime factors of 43142219.
839, 51421
List the prime factors of 13375828.
2, 3343957
List the prime factors of 27444767.
7, 3920681
List the prime factors of 2356801485.
3, 5, 317, 495647
List the prime factors of 93866747.
13, 7220519
List the prime factors of 27221652.
2, 3, 163, 4639
What are the prime factors of 12691915?
5, 509, 4987
List the prime factors of 1546060116.
2, 3, 128838343
List the prime factors of 198541373.
131, 1515583
What are the prime factors of 824200523?
197, 4183759
Lis